
What is the highest common divisor of 152 and 76?
76
What is the greatest common divisor of 274 and 50?
2
Calculate the greatest common divisor of 34 and 1088.
34
What is the greatest common factor of 36 and 56?
4
What is the greatest common factor of 85339 and 122?
61
Calculate the highest common factor of 37 and 3959.
37
What is the highest common divisor of 144 and 8784?
144
Calculate the greatest common factor of 28 and 7.
7
What is the highest common divisor of 20112 and 144?
48
Calculate the greatest common divisor of 16 and 464.
16
What is the greatest common divisor of 12 and 3021?
3
Calculate the highest common divisor of 1750 and 30.
10
Calculate the greatest common factor of 110 and 20.
10
What is the highest common divisor of 6646 and 2?
2
What is the highest common divisor of 20888 and 8?
8
Calculate the highest common divisor of 407 and 592.
37
Calculate the greatest common factor of 5804 and 12.
4
What is the greatest common factor of 176 and 77?
11
Calculate the highest common divisor of 5635 and 230.
115
Calculate the greatest common divisor of 481 and 364.
13
Calculate the highest common factor of 135 and 432.
27
Calculate the greatest common factor of 656 and 246.
82
Calculate the greatest common factor of 38 and 4.
2
Calculate the highest common factor of 12 and 7980.
12
What is the highest common divisor of 2340 and 2106?
234
What is the greatest common divisor of 3 and 17?
1
What is the greatest common factor of 442 and 156?
26
What is the highest common divisor of 364 and 1508?
52
What is the highest common divisor of 13 and 40573?
13
What is the greatest common factor of 2013 and 33?
33
What is the greatest common divisor of 1428 and 51?
51
Calculate the highest common divisor of 29911 and 7.
7
What is the greatest common factor of 25 and 1025?
25
What is the highest common factor of 62 and 8?
2
What is the highest common factor of 28 and 884?
4
What is the highest common divisor of 1520 and 640?
80
What is the highest common divisor of 15 and 2?
1
Calculate the greatest common divisor of 574 and 328.
82
What is the greatest common factor of 74 and 1813?
37
What is the greatest common factor of 572 and 6344?
52
What is the highest common factor of 38 and 1634?
38
Calculate the greatest common factor of 174 and 12.
6
What is the greatest common divisor of 36 and 2016?
36
Calculate the highest common divisor of 5 and 725.
5
What is the greatest common divisor of 45 and 288?
9
Calculate the highest common divisor of 141 and 423.
141
What is the greatest common factor of 24 and 3072?
24
Calculate the greatest common factor of 36 and 7308.
36
What is the highest common divisor of 12712 and 56?
56
What is the highest common divisor of 336 and 896?
112
What is the greatest common factor of 200 and 550?
50
Calculate the highest common factor of 26 and 50674.
26
What is the greatest common divisor of 2363 and 139?
139
Calculate the highest common factor of 2619 and 485.
97
Calculate the greatest common divisor of 6077 and 354.
59
What is the highest common factor of 68 and 15878?
34
Calculate the greatest common divisor of 140 and 98.
14
Calculate the greatest common divisor of 288 and 16608.
96
What is the highest common factor of 4 and 100?
4
What is the greatest common factor of 210 and 150?
30
Calculate the greatest common factor of 1278 and 42.
6
What is the greatest common factor of 1224 and 153?
153
What is the greatest common factor of 648 and 2088?
72
What is the greatest common divisor of 18 and 1467?
9
What is the greatest common factor of 1125 and 603?
9
What is the greatest common factor of 15 and 195?
15
Calculate the highest common factor of 210 and 15.
15
Calculate the greatest common divisor of 18 and 6.
6
Calculate the greatest common factor of 28 and 126.
14
What is the highest common factor of 108 and 1196?
4
Calculate the highest common divisor of 392 and 5929.
49
Calculate the highest common divisor of 710 and 20.
10
What is the highest common divisor of 155 and 93?
31
Calculate the highest common factor of 40 and 310.
10
What is the highest common divisor of 300 and 132?
12
Calculate the highest common divisor of 81 and 120.
3
What is the greatest common divisor of 451 and 738?
41
What is the greatest common factor of 56 and 1064?
56
What is the highest common factor of 627 and 33?
33
Calculate the greatest common factor of 54 and 1809.
27
What is the highest common divisor of 494 and 304?
38
What is the greatest common factor of 231 and 2226?
21
What is the greatest common divisor of 6 and 2390?
2
What is the greatest common factor of 36 and 171?
9
Calculate the highest common factor of 564 and 10998.
282
What is the greatest common factor of 1300 and 500?
100
What is the highest common divisor of 72 and 132?
12
What is the highest common divisor of 1853 and 872?
109
Calculate the greatest common divisor of 419 and 1.
1
What is the highest common divisor of 672 and 252?
84
What is the greatest common divisor of 126 and 1624?
14
What is the highest common factor of 1932 and 48?
12
Calculate the greatest common divisor of 41 and 1107.
41
What is the highest common factor of 6412 and 28?
28
Calculate the highest common divisor of 252 and 72.
36
What is the highest common divisor of 50 and 505?
5
What is the greatest common factor of 11 and 209?
11
What is the highest common divisor of 170 and 306?
34
Calculate the highest common divisor of 51 and 3383.
17
What is the greatest common divisor of 107 and 749?
107
Calculate the highest common divisor of 49 and 29057.
49
What is the highest common factor of 41 and 41?
41
Calculate the greatest common factor of 570 and 1170.
30
What is the highest common factor of 244 and 1037?
61
What is the highest common factor of 476 and 1309?
119
Calculate the greatest common divisor of 352 and 22.
22
Calculate the greatest common divisor of 26 and 611.
13
Calculate the highest common factor of 3403 and 83.
83
What is the greatest common divisor of 84 and 21?
21
What is the highest common factor of 340 and 40?
20
Calculate the greatest common divisor of 384 and 744.
24
Calculate the highest common factor of 280 and 13160.
280
What is the greatest common divisor of 91 and 949?
13
What is the greatest common factor of 36 and 1248?
12
What is the greatest common factor of 22 and 55?
11
What is the greatest common factor of 297 and 729?
27
Calculate the highest common divisor of 12 and 1856.
4
Calculate the highest common factor of 1220 and 80.
20
What is the greatest common divisor of 162 and 171?
9
Calculate the greatest common divisor of 23 and 23.
23
Calculate the greatest common divisor of 6 and 2520.
6
Calculate the greatest common factor of 48 and 208.
16
Calculate the highest common divisor of 14 and 98.
14
What is the highest common divisor of 6962 and 295?
59
What is the highest common factor of 11772 and 1090?
218
Calculate the greatest common factor of 2752 and 172.
172
What is the highest common factor of 2451 and 43?
43
Calculate the greatest common divisor of 468 and 104.
52
What is the greatest common divisor of 72 and 1896?
24
What is the highest common factor of 170 and 4930?
170
Calculate the highest common divisor of 11 and 341.
11
Calculate the greatest common factor of 30 and 310.
10
Calculate the greatest common divisor of 13334 and 339.
113
What is the highest common divisor of 150 and 210?
30
What is the highest common divisor of 28 and 700?
28
Calculate the highest common factor of 280 and 168.
56
What is the greatest common factor of 22 and 7766?
22
Calculate the highest common factor of 125 and 41375.
125
What is the highest common factor of 1113 and 42?
21
Calculate the greatest common factor of 46991 and 137.
137
Calculate the highest common divisor of 108 and 828.
36
What is the greatest common factor of 11562 and 246?
246
What is the highest common factor of 29 and 7018?
29
Calculate the highest common divisor of 300 and 60.
60
Calculate the highest common factor of 70 and 80.
10
Calculate the greatest common factor of 435 and 45095.
145
What is the greatest common factor of 33 and 330?
33
What is the greatest common divisor of 2 and 8978?
2
Calculate the highest common divisor of 36 and 18.
18
What is the greatest common divisor of 148 and 2